 -k = 3*q - j*q. What is the units digit of q?
8
What is the hundreds digit of (-1)/11*2 + (-1610960)/(-1144)?
4
Suppose -8 = -j - 6. Suppose -r + 385 = 3*a, j*a - 4*r - 152 = 86. What is the units digit of a?
7
Let o(n) = 9*n - 15. Let p(k) = -8*k + 14. Let y(q) = 4*o(q) + 5*p(q). Let m be y(-13). What is the tens digit of 88/(-11)*m/(-8)?
6
Let h = -23 - -22. What is the units digit of (-2 - (0 + h)) + 11?
0
Let u = -4445 - -6762. What is the tens digit of u?
1
Let l(m) = m**3 - 8*m**2 - 6*m + 14. Let b be l(9). What is the units digit of 1*((-3 - -1) + b)?
9
Suppose -5*b + 10 = -6*b. Let k(p) = p**2 + 8*p - 9. What is the tens digit of k(b)?
1
Suppose -4*z + 897 = -z. Suppose 3*p = -4*k + z, -2*k = p - 4*k - 83. What is the units digit of p?
3
Let p be 13/((-1)/(-5) - 0). Suppose -5*f = -19 - 116. Suppose f = 4*z - p. What is the tens digit of z?
2
What is the tens digit of (-2)/(-5) - 4/40*-6196?
2
Suppose 4*l + 5*o + 124 + 358 = 0, -5*l + 2*o = 586. Let q = -83 - l. What is the tens digit of q?
3
Suppose 0*o + 2*p = 2*o - 6, 5*o = 4*p + 10. Let g be o/6 - 58/6. What is the tens digit of (-154)/g + 12/(-30)?
1
Suppose -4*f - g + 178 = 0, -2*f + g + 86 = -0*f. Suppose -8*c + f = -4*c. What is the tens digit of c?
1
What is the units digit of (-343)/98 - (-1427)/2?
0
Suppose -o - 2*c = -427, -866 = -2*o + 25*c - 23*c. What is the tens digit of o?
3
What is the hundreds digit of 4758 - (-7 - (-8 + -8))?
7
Suppose -5*j + 1793 + 467 = 0. What is the hundreds digit of j?
4
Suppose 12*x = 7*x + 40. Let g(u) = u**3 - 9*u**2 + 8*u + 6. Let d be g(x). Suppose 16 = s - 5*n, 2*s - d*s + n = -64. What is the tens digit of s?
1
Suppose -2*d - 320 = -o, -4*o + 2*d + 2059 = 773. What is the hundreds digit of o?
3
Suppose 0 = -3*z - 2*x - 1, -3*z + 2*x + 1 = 6. Let b be (5 - (-2)/z) + 2. Suppose 0 = -b*p + 2*k + 78, -3*k = 2*p - 0*k - 35. What is the units digit of p?
6
Suppose -22*j + 22816 = -34648. What is the thousands digit of j?
2
Suppose -2*u = 10, 3*b + 3*u - 5 = -b. Suppose -14 = -14*k + 14. Suppose -k*y + 51 + b = 0. What is the units digit of y?
8
Let j be 3 - (2 + 1 - 496). Let g = j - 235. What is the units digit of g?
1
Let t be 15/20 + 2/8. Let y be t/(4/(24*3)). Suppose -p = -2*p + y. What is the tens digit of p?
1
Let h(o) = o**3 + 11*o**2 + 7*o - 18. What is the units digit of h(-9)?
1
Let n be (16/(-12) + 0)*-3. Suppose -u - 340 = n*u. Let y = 113 + u. What is the units digit of y?
5
Suppose -3*n - 4*i + 0 = 1, -4*n + 3*i - 18 = 0. Let x(z) = z - 27. Let a be x(12). What is the units digit of 3/1 + a/n?
8
Let n = 510 + 334. What is the hundreds digit of n?
8
Suppose -28741 = -16*s - 9861. What is the units digit of s?
0
Suppose -8*o = -3*o - 5*d - 4395, -2*d = 5*o - 4374. What is the hundreds digit of o?
8
Let k(n) be the third derivative of n**6/60 - n**5/3 + 3*n**4/8 + n**3/6 + 24*n**2. What is the tens digit of k(10)?
9
Let v(m) = m**3 + 10*m**2 - 6*m + 7. Suppose 2*h = -22 + 2. Let f be v(h). Suppose k = f - 13. What is the units digit of k?
4
Let m(y) = -y**3 + 8*y**2 + 11*y - 17. Let h be m(9). What is the units digit of 140/18 - h*(-6)/27?
8
Let w = 50 - 24. What is the units digit of w/(-4)*(-15 + 9)?
9
Suppose -30*z = -8*z - 8690. What is the hundreds digit of z?
3
Let x(o) = -16*o - 113. What is the tens digit of x(-12)?
7
Let a(h) = -5 - 4 + h**3 + 3 + 5*h**2 + 0*h**2 - 9*h. What is the units digit of a(-6)?
2
Let t = 10161 - 6890. What is the thousands digit of t?
3
Let x(a) = 2*a**2 - 23*a - 171. What is the tens digit of x(-16)?
0
Let j(z) = -z + 16. Let k(b) = -6*b + 81. Let y(h) = 11*j(h) - 2*k(h). Let a be y(-7). Suppose 342 = a*v - v. What is the units digit of v?
7
Suppose 0 = -4*j + 5*j - 14. Let f = -12 + j. Suppose -6 = -5*a + n + 16, f = 2*a + 3*n. What is the units digit of a?
4
Let l be (9/12)/((-4)/(-80)). Suppose -k + 213 - l = 0. What is the hundreds digit of k?
1
Suppose 24*u - 1799 = 17*u. What is the tens digit of u?
5
Suppose 16*g - 30671 = 24065. What is the units digit of g?
1
Let y be 1 + (-3)/(-3 + 6). Suppose y*g - 3*g = -15. Suppose -6*z + z = -g. What is the units digit of z?
1
Let k(h) = h**3 + 5*h**2 + 4. Let f be k(-5). Let p be 1/((-2)/(-6 - 0)). What is the tens digit of 4/f + p + 34?
3
Suppose 0 = 4*t - 17 - 3. Suppose -188 = 2*j + a - 834, -2*j + 654 = t*a. What is the units digit of 4/6 - j/(-21)?
6
Let b(g) = -g**3 - 10*g**2 + 13*g + 25. Let x be b(-11). What is the units digit of (34/x - 2)/((-16)/(-24))?
4
Suppose -p = t + 11, 0*t - 10 = 2*t - 2*p. Let a = -51 - t. Let m = 105 + a. What is the units digit of m?
2
Let x(d) = 0*d**3 - 34 + 27*d - 484*d**2 + d**3 + 458*d**2. What is the units digit of x(25)?
6
Let q(t) = 36*t**3 - t**2 - t + 1. Suppose 5*i = 0, 3*i - 5*i + 8 = 2*g. Suppose 8*n - 4*n - 9 = -h, 0 = -4*h - g*n + 12. What is the tens digit of q(h)?
3
Let x be -2*(1 + (-76)/8). Suppose -5*t = -c + 18 + x, -2*t = -4*c + 176. What is the units digit of c?
5
Suppose 0 = -5*d - 16 - 19. Let m = d - 9. What is the units digit of ((-20)/(-6))/(m/(-216))?
5
What is the units digit of (-1)/(-4) + (-6684)/(-16) + -3?
5
Suppose 4*c = 4*k - 62 - 70, -104 = -3*k + 4*c. Let s = k + -17. What is the units digit of s?
1
Let y = -44 + 38. What is the units digit of (-1)/(6/(-429)) - y/(-12)?
1
Let c(m) be the third derivative of 0 + 0*m - 5/6*m**3 - 4*m**2 + 1/60*m**5 + 0*m**4. What is the units digit of c(-3)?
4
Suppose 2*i - 3*o - 352 = 3626, o = -i + 1984. What is the thousands digit of i?
1
Let k be 1/(-2)*-11*2. Let a(b) = -b - 12 - k + 48. What is the units digit of a(0)?
5
What is the tens digit of -1*-2*1 + 756 + 4?
6
Let a(w) = w**2 + 3*w + 2. Let q be a(-2). Suppose 5*n + q*n = 130. Suppose 3*l - 3*x - 43 = n, l = 2*x + 24. What is the units digit of l?
2
Suppose -11*m = -15*m - 116. Let o = m - -42. What is the tens digit of o?
1
Let l(j) = j**3 + 7*j**2 + 8*j - 3. Let f be l(-5). Let c = f - -85. Suppose 2*u - c = 4. What is the units digit of u?
8
What is the units digit of (-10)/(-25) + 27572/20?
9
Let z(k) = -k**3 + 14*k**2 + 15*k - 17. What is the tens digit of z(13)?
4
Suppose 4*o - 2785 = 459. What is the tens digit of o?
1
Suppose 143*m = 141*m + 6490. What is the tens digit of m?
4
Let s(m) = 4*m**2 + m - m**3 + 0*m**2 + m**2. Let d be s(5). Let j = 6 + d. What is the units digit of j?
1
Suppose -5*j - 3267 = -5*k - 612, 0 = 3*k - 4*j - 1590. What is the tens digit of k?
3
Let r = 32 - 22. Let a(v) = 4*v - 30. What is the tens digit of a(r)?
1
Suppose 12*c - 6120 - 2580 = 0. What is the hundreds digit of c?
7
Let s(v) = -4*v - 14. Suppose 0 = b, -4*b = -5*f + 13 - 63. What is the units digit of s(f)?
6
Let v(g) = -g**3 + 11*g**2 - 3*g + 11. Let r be v(10). What is the tens digit of (7 - 4) + r*1?
8
Let i(p) be the second derivative of -p**3/2 - p**2/2 - 2*p. Let n be i(-3). Suppose 5*b + 27 = n*b. What is the units digit of b?
9
Suppose 3*o = 4*l - 7, 3*o + 16 = -o + 2*l. Let a(k) = k + 5. Let n be a(o). Suppose n*d - d + 8 = 0. What is the units digit of d?
8
Let f = 7319 - 4176. What is the thousands digit of f?
3
Suppose -c - 87 = -386. Let h = c - 99. Suppose h = 3*o + 14. What is the tens digit of o?
6
Let s = -785 - -1269. What is the units digit of s?
4
Suppose 2*a - 3*b - 28 = 0, 4*a = -2*b - 1 + 41. Let x = a + -1. What is the units digit of 5/(x/54) - 3?
4
Let q = 5395 - 3076. What is the hundreds digit of q?
3
Suppose 0 = -115*w + 102*w + 1677. What is the units digit of w?
9
Let c(u) = u**3 + 14*u**2 + 2*u + 27. Let x be c(-12). Let l = -23 + x. What is the tens digit of l?
6
Suppose -73 = 2*l + 4*p - 1009, -5*l = p - 2376. What is the hundreds digit of l?
4
What is the tens digit of ((-3456)/168)/(6/(-777))?
6
Suppose 2*k + 3*w - 84 = 0, -6*k + 139 = -3*k - 2*w. What is the units digit of k?
5
Let f = -2219 - -4178. What is the hundreds digit of f?
9
Let q(c) = 75*c - 2. Let f be q(-1). Let k = f - -121. What is the tens digit of k?
4
Let s(a) = -3*a - 6. Let p be s(-3). Suppose 0*o - p*o + 36 = 0. Let l = o - -15. What is the units digit of l?
7
Let j = 254 - 66. Let d = -31 + j. What is the units digit of d?
7
Let f(b) = -2*b**2 + b + 2. Let v be f(0). What is the tens digit of v - (190/(-2) - 3)?
0
Let y = 4190 - 2922. What is the hundreds digit of y?
2
S